0)?
8
Suppose -u = 2*u - 30. Let x(g) = -g**3 - 14*g**2 + 72*g - 15. Let i be x(-18). Let y = u - i. What is the tens digit of y?
2
Let f(s) = 7*s + 6. Let z(y) = -20*y - 17. Let r(i) = -11*f(i) - 4*z(i). What is the units digit of r(8)?
6
Let b(u) = 4*u - 17. Let k be b(10). Let g = k - 19. Suppose 21 = v + 5*z, 3*v + v - g*z - 132 = 0. What is the tens digit of v?
3
Suppose k = -5*y - k - 30, y = -2*k - 14. What is the units digit of 9/y*(-22 - 2)?
4
Let f(j) = 49*j**2 + 51*j + 6. What is the hundreds digit of f(-4)?
5
Let o(l) = -l**2 + 7*l - 6. Let g = 5 + 1. Let f be o(g). Suppose f = -n + 9 + 15. What is the units digit of n?
4
Let f = -49 + 82. Suppose q - 29 = 3*z, -5*z + 20*q = 17*q + 55. Let y = f - z. What is the units digit of y?
1
Let l = -1779 - -3231. What is the hundreds digit of l?
4
Let p be (0 - 1)*-22*2. Let f(n) = p*n**3 - 7 - 15*n**3 + 8. What is the units digit of f(1)?
0
Let k(x) = 4 + 9*x**2 + 1 + x**3 - 6*x - 6*x. Let b = -8 - 2. What is the units digit of k(b)?
5
Let p(t) = 8*t**2 + 19*t + 40. What is the hundreds digit of p(-19)?
5
Let i(m) = 23*m**2 - 3*m + 1. Let o be i(2). Let u = o + -16. What is the units digit of u?
1
Let u be 892/16 + -6 - 2/(-8). What is the units digit of u/((1/(-3))/(20/(-30)))?
0
Let n(k) = -4*k + 4. Let i(p) = 8*p - 9. Let w(y) = 3*i(y) + 5*n(y). Let r be w(4). What is the units digit of (r + -8)/((-1)/(-69))?
9
Let k = -20 - -25. Suppose -80 = -r - 3*v, -k*r - 400 = -10*r + 4*v. What is the units digit of r?
0
Let a = 56 + -46. Let t be ((-10)/4)/(2/(-4)). Suppose -z + a = t*i, -3*z = 2*i - 0*z - 4. What is the units digit of i?
2
Let h(n) = -49*n - 2. Let a be h(-1). Let b = 132 - a. What is the units digit of b?
5
Suppose 5*v - 11178 = -m, v + 3*m - 1326 = 918. What is the tens digit of v?
3
Let g(s) be the second derivative of -5*s**3/6 + 11*s**2/2 - 2*s. Suppose 4 = -2*m + t - 8, 0 = -2*m + 4*t - 18. What is the tens digit of g(m)?
3
Suppose 11 = -5*v + 6*v. Suppose 0 = 3*g - 3*y - 87, 0 = -g + 2*y - v + 45. What is the tens digit of g?
2
Let q = 82 + -18. Suppose 2*y + 10 = q. What is the tens digit of y?
2
Let y = 4402 - 3096. What is the hundreds digit of y?
3
Suppose -6*f - 442 = -1552. What is the units digit of f?
5
Let m(d) = -19*d**2 + 18*d - 15. Let g(p) = 9*p**2 - 9*p + 7. Let a(y) = 13*g(y) + 6*m(y). Let z be a(6). What is the units digit of 2/5 + 1958/z?
6
Suppose -4*k + 11 = 3. Suppose -6*h = -k*h + 272. Let t = 125 + h. What is the tens digit of t?
5
Let f(r) = 12*r - 74. Let b be f(8). Let c = -8 - 5. Let x = b + c. What is the units digit of x?
9
Let x(p) = -2*p + 25. Let i be x(11). Let c = 11 - i. What is the units digit of c?
8
Let j(z) = 8*z + 38738 + 0*z - 38738. Suppose 0 = -6*q + 3*q + 9. What is the tens digit of j(q)?
2
Suppose 0 = -3*i - 2*i + 220. Suppose -4*x + i = 4. Suppose 0 = 2*u - x - 36. What is the tens digit of u?
2
Suppose o - 110 = -o. Suppose -53*a - 18 = -o*a. Suppose 0 = -8*x + a*x - 5. What is the units digit of x?
5
Suppose 2 = 2*m + 6, -2*x - 210 = m. What is the hundreds digit of (x/5)/((-1)/5)?
1
Suppose 2*f = 2*n - 1972, -f + 3274 = 5*n - 1650. What is the hundreds digit of n?
9
Let o = -281 - -925. What is the tens digit of o?
4
Suppose -2*n + 1 = -15. Let w(d) = d**2 - 9*d + 12. Let h be w(n). Suppose h*f = -2*g - 0*g + 42, -g = -3*f + 44. What is the tens digit of f?
1
Suppose -3*v + 4*v - 4*g - 14 = 0, 2*g - 28 = -3*v. What is the units digit of (-85)/v*(-5 - 1)?
1
Suppose 0 = -2*d + 2523 + 913. What is the units digit of d?
8
Let g(t) = -t**3 + 25*t**2 + 13*t - 39. What is the units digit of g(-10)?
1
Let t = 44 - 26. Let j be (-4)/t + (-146)/(-9). What is the units digit of 40 - -1 - (j + -13)?
8
Suppose -2*n = k + 16, 0*k = 3*k + 3*n + 60. What is the units digit of k/(-28)*(-98)/(-1)?
4
Let n = -264 - -415. Let l = 234 - n. What is the units digit of l?
3
Let z(r) = 136*r**3 + r**2 - r - 3. What is the thousands digit of z(2)?
1
Suppose -2*z - 9 = 3*c, -4*z - c + 32 = -5*c. Suppose z*t = 430 + 56. What is the hundreds digit of t?
1
Let v = 40 - -95. Let l = 291 - v. What is the tens digit of l?
5
Let k(g) = g - 6 - 2*g - g. Let m be k(-4). What is the tens digit of ((-3)/m)/(9/(-66))?
1
Let v = -388 + 866. Suppose 452 = 5*w - v. What is the tens digit of w?
8
Let m(t) = -t**3 + 11*t**2 - 8*t - 14. Let j(c) = -c**3 - 8*c**2 - 7*c + 10. Let w be j(-7). What is the units digit of m(w)?
6
Suppose -2857 = 5*v + 853. Let g = 82 + v. What is the tens digit of g/(-28) + (-3)/(-7)?
2
Let f(t) be the second derivative of 7*t**4/6 + t**3/6 + 3*t**2/2 - 2*t. What is the units digit of f(-2)?
7
Suppose -9 + 7 = -j. What is the units digit of (11 + -30)/((-1)/j)?
8
Let y(j) = 9*j**2 + 11*j + 13. Let x be y(-6). Let m = x - 143. What is the hundreds digit of m?
1
Suppose 4*a = i + 1739, 5*a + i + 4*i = 2205. What is the tens digit of a?
3
Suppose 241 = 6*t - 2969. What is the tens digit of t?
3
Let s(v) = 6*v + 27. Let g(a) = 13*a + 53. Let n(m) = 6*g(m) - 10*s(m). What is the tens digit of n(8)?
9
Suppose 5*b + t = 683 + 47, 4*t + 438 = 3*b. What is the units digit of b?
6
Let j = 471 - 1008. Let g = j + 767. What is the tens digit of g?
3
Let m = -1415 - -1435. What is the tens digit of m?
2
Let a(u) = 4*u**2 + 3*u + 2. Let j(s) = s**3 - 7*s**2 - 7*s - 3. Let i(h) = 5*a(h) + 2*j(h). Let v be i(-5). Let b = -71 - v. What is the units digit of b?
0
What is the tens digit of (-148)/(-1998) + (-860)/(-54)?
1
Let v(j) = -j**2 - 16*j - 1. What is the tens digit of v(-15)?
1
What is the hundreds digit of 5180/6 + 12 + 2/(-6)?
8
Suppose -2*r - 3*f = -0*f - 531, -571 = -2*r + 5*f. Suppose 0 = -5*z + 77 + r. What is the tens digit of z?
7
Let d = -24 + 600. What is the tens digit of d?
7
Let a(y) = -4*y + 14. Let s be a(8). Let b = s + 14. Let l = b - -16. What is the tens digit of l?
1
What is the hundreds digit of (-7 - -554) + (-4 - -10)?
5
Suppose 0*r = -4*r + 56. Let n be (-3 - (1 - r)) + 2. Suppose -k + 24 = -0*k - 5*l, 2*k - l - n = 0. What is the units digit of k?
4
What is the hundreds digit of (3769 - -2)*(368/48 + -6)?
2
Suppose 12 = 2*r - 3*m - 129, -370 = -5*r + 4*m. What is the tens digit of r?
7
What is the units digit of (2308/5)/(44/110) + 4?
8
Let h(k) = k - 9 + 0 - 15 + 1. Let t be h(0). What is the units digit of (-4)/(4/t)*1?
3
Suppose -54*o + 11620 = -40*o. What is the tens digit of o?
3
Suppose 2*x - 37 = -3*u + 7*x, 4*u - x = 21. Suppose 0 = -5*j + z + 240, -j + 72 = -u*z - z. What is the units digit of j?
7
What is the units digit of 8/(-5)*23880/(-96)?
8
Let l be (3 - (-1 - -3)) + 16. Let m = -11 + l. Let s(d) = 3*d + 4. What is the tens digit of s(m)?
2
Let v(m) = -62*m + 309. What is the hundreds digit of v(-18)?
4
Let x(y) = 4*y - 2. Let k be x(1). Suppose -5*l = -0 + 10, -4*w - k*l + 236 = 0. What is the tens digit of w?
6
Let t(g) = g**3 + 5*g**2 + g + 4. Let i be t(-5). What is the units digit of (69 - 2)*(0 - i)?
7
Let n = -47 + 54. Suppose -n*b - 148 = -11*b. What is the tens digit of b?
3
Let n(t) = -t**3 - 13*t**2 - 6*t - 5. Let r be n(-12). Let s = r - -332. What is the tens digit of s?
5
Suppose -11 = -3*q - 0*q + 5*c, -5 = -q + 3*c. What is the hundreds digit of (282/1)/(8 + (-13)/q)?
1
Suppose 0*a + 2*a + 10 = 0. Let t(s) be the second derivative of -s**4/12 - 5*s**3/3 - 2*s**2 + 5*s. What is the tens digit of t(a)?
2
Let u = 866 - 771. What is the units digit of u?
5
Let w(h) = 2*h**2 + 6*h + 28. Let y be 3/15 + 153/(-15). What is the hundreds digit of w(y)?
1
Let f(t) = t**2 + 1. Let n be f(2). Suppose -r = -4*j - 11, 2*r - 3*j + 3 = n*r. What is the units digit of r?
3
Suppose 3*g + 1064 = 5*y + 5*g, -2*y + g = -422. What is the tens digit of y?
1
Let b(p) be the third derivative of -p**2 + 0*p - 1/24*p**4 + 3/2*p**3 + 0. What is the units digit of b(-8)?
7
What is the units digit of 5/((-30)/(-9228))*(-4)/(-8)?
9
Let b be 784/9 + 1*2/(-18). Let r = 132 - b. What is the units digit of r?
5
Let u(y) = y**3 + 9*y**2 + 9*y + 16. Let v(r) = 3*r**2 + 5 + 0 - 9*r**2 - 4 + 2*r. Let h be v(-1). What is the units digit of u(h)?
1
Let y(v) = -257*v - 4. Let a be y(-2). Suppose -a = -2*c - 3*c. Suppose -3*n + 6*m + c = 3*m, -4*n = 4*m - 128. What is the tens digit of n?
3
Let x be (118/2)/(2/10). Suppose -16*u = -1